{"id":6,"date":"2019-07-05T15:06:17","date_gmt":"2019-07-05T15:06:17","guid":{"rendered":"http:\/\/philippe-lekieffre.com\/?page_id=6"},"modified":"2026-08-27T09:42:42","modified_gmt":"2026-08-27T09:42:42","slug":"accueil","status":"publish","type":"page","link":"https:\/\/philippe-lekieffre.com\/","title":{"rendered":"Accueil"},"content":{"rendered":"\n<p class=\"wp-block-paragraph\">Bienvenue sur le site de l&rsquo;Association et du Ch\u0153ur philMusic de Rambouillet<\/p>\n\n\n\n<h2 class=\"wp-block-heading\">Saison 2026-2027<\/h2>\n\n\n\n<p class=\"wp-block-paragraph\">Forum des Associations<\/p>\n\n\n\n<p class=\"wp-block-paragraph\">Nous serons pr\u00e9sents toute la journ\u00e9e du\u00a0<strong>samedi 5 septembre\u00a0<\/strong>au stade du Vieux Moulin dans le gymnase.<\/p>\n\n\n\n<p class=\"wp-block-paragraph\"><\/p>\n\n\n\n<figure class=\"wp-block-image size-large\"><img loading=\"lazy\" decoding=\"async\" width=\"724\" height=\"1024\" src=\"https:\/\/philippe-lekieffre.com\/wp-content\/uploads\/2025\/09\/Tract-recrutement-v5-724x1024.jpg\" alt=\"\" class=\"wp-image-4643\" srcset=\"https:\/\/philippe-lekieffre.com\/wp-content\/uploads\/2025\/09\/Tract-recrutement-v5-724x1024.jpg 724w, https:\/\/philippe-lekieffre.com\/wp-content\/uploads\/2025\/09\/Tract-recrutement-v5-212x300.jpg 212w, https:\/\/philippe-lekieffre.com\/wp-content\/uploads\/2025\/09\/Tract-recrutement-v5-768x1087.jpg 768w, https:\/\/philippe-lekieffre.com\/wp-content\/uploads\/2025\/09\/Tract-recrutement-v5.jpg 1080w\" sizes=\"auto, (max-width: 724px) 100vw, 724px\" \/><\/figure>\n\n\n\n<p class=\"wp-block-paragraph\"><\/p>\n\n\n\n<p class=\"wp-block-paragraph\">La rentr\u00e9e du Ch\u0153ur philMusic se fera le mardi 15 septembre 2026 \u00e0 20h30 au Temple , 49 rue Gambetta.<\/p>\n\n\n\n<p class=\"wp-block-paragraph\"><strong><a href=\"https:\/\/philippe-lekieffre.com\/?page_id=5341\" data-type=\"page\" data-id=\"5341\">D\u00e9tails du r\u00e9pertoire et programme du ch\u0153ur philMusic<\/a><\/strong><\/p>\n\n\n\n<p class=\"wp-block-paragraph\"><a href=\"https:\/\/philippe-lekieffre.com\/?page_id=1481\" data-type=\"page\" data-id=\"1481\">Prendre contact&nbsp;<\/a><\/p>\n\n\n\n<p class=\"wp-block-paragraph\"><\/p>\n","protected":false},"excerpt":{"rendered":"<p>Bienvenue sur le site de l&rsquo;Association et du Ch\u0153ur philMusic de Rambouillet Saison 2026-2027 Forum des Associations Nous serons pr\u00e9sents toute la journ\u00e9e du\u00a0samedi 5 septembre\u00a0au stade du Vieux Moulin dans le gymnase. La rentr\u00e9e du Ch\u0153ur philMusic se fera le mardi 15 septembre 2026 \u00e0 20h30 au Temple , 49 rue Gambetta. D\u00e9tails du [&hellip;]<\/p>\n","protected":false},"author":1,"featured_media":0,"parent":0,"menu_order":0,"comment_status":"closed","ping_status":"closed","template":"","meta":{"ngg_post_thumbnail":0,"footnotes":""},"class_list":["post-6","page","type-page","status-publish","hentry"],"_links":{"self":[{"href":"https:\/\/philippe-lekieffre.com\/index.php?rest_route=\/wp\/v2\/pages\/6","targetHints":{"allow":["GET"]}}],"collection":[{"href":"https:\/\/philippe-lekieffre.com\/index.php?rest_route=\/wp\/v2\/pages"}],"about":[{"href":"https:\/\/philippe-lekieffre.com\/index.php?rest_route=\/wp\/v2\/types\/page"}],"author":[{"embeddable":true,"href":"https:\/\/philippe-lekieffre.com\/index.php?rest_route=\/wp\/v2\/users\/1"}],"replies":[{"embeddable":true,"href":"https:\/\/philippe-lekieffre.com\/index.php?rest_route=%2Fwp%2Fv2%2Fcomments&post=6"}],"version-history":[{"count":104,"href":"https:\/\/philippe-lekieffre.com\/index.php?rest_route=\/wp\/v2\/pages\/6\/revisions"}],"predecessor-version":[{"id":5492,"href":"https:\/\/philippe-lekieffre.com\/index.php?rest_route=\/wp\/v2\/pages\/6\/revisions\/5492"}],"wp:attachment":[{"href":"https:\/\/philippe-lekieffre.com\/index.php?rest_route=%2Fwp%2Fv2%2Fmedia&parent=6"}],"curies":[{"name":"wp","href":"https:\/\/api.w.org\/{rel}","templated":true}]}}

<p class="wp-block-paragraph">Bienvenue sur le site de l&rsquo;Association et du Chœur philMusic de Rambouillet</p>



<h2 class="wp-block-heading">Saison 2026-2027</h2>



<p class="wp-block-paragraph">Forum des Associations</p>



<p class="wp-block-paragraph">Nous serons présents toute la journée du <strong>samedi 5 septembre </strong>au stade du Vieux Moulin dans le gymnase.</p>



<p class="wp-block-paragraph"></p>



<figure class="wp-block-image size-large"><img loading="lazy" decoding="async" width="724" height="1024" src="https://philippe-lekieffre.com/wp-content/uploads/2025/09/Tract-recrutement-v5-724x1024.jpg" alt="" class="wp-image-4643" srcset="https://philippe-lekieffre.com/wp-content/uploads/2025/09/Tract-recrutement-v5-724x1024.jpg 724w, https://philippe-lekieffre.com/wp-content/uploads/2025/09/Tract-recrutement-v5-212x300.jpg 212w, https://philippe-lekieffre.com/wp-content/uploads/2025/09/Tract-recrutement-v5-768x1087.jpg 768w, https://philippe-lekieffre.com/wp-content/uploads/2025/09/Tract-recrutement-v5.jpg 1080w" sizes="auto, (max-width: 724px) 100vw, 724px" /></figure>



<p class="wp-block-paragraph"></p>



<p class="wp-block-paragraph">La rentrée du Chœur philMusic se fera le mardi 15 septembre 2026 à 20h30 au Temple , 49 rue Gambetta.</p>



<p class="wp-block-paragraph"><strong><a href="https://philippe-lekieffre.com/?page_id=5341" data-type="page" data-id="5341">Détails du répertoire et programme du chœur philMusic</a></strong></p>



<p class="wp-block-paragraph"><a href="https://philippe-lekieffre.com/?page_id=1481" data-type="page" data-id="1481">Prendre contact&nbsp;</a></p>



<p class="wp-block-paragraph"></p>

<p>Bienvenue sur le site de l&rsquo;Association et du Chœur philMusic de Rambouillet Saison 2026-2027 Forum des Associations Nous serons présents toute la journée du samedi 5 septembre au stade du Vieux Moulin dans le gymnase. La rentrée du Chœur philMusic se fera le mardi 15 septembre 2026 à 20h30 au Temple , 49 rue Gambetta. Détails du [&hellip;]</p>
