{"id":5338,"date":"2026-03-22T11:06:44","date_gmt":"2026-03-22T11:06:44","guid":{"rendered":"https:\/\/philippe-lekieffre.com\/?page_id=5338"},"modified":"2026-03-22T11:55:24","modified_gmt":"2026-03-22T11:55:24","slug":"choeur","status":"publish","type":"page","link":"https:\/\/philippe-lekieffre.com\/?page_id=5338","title":{"rendered":"Choeur"},"content":{"rendered":"\n<h2 class=\"wp-block-heading\"><strong>Le Ch\u0153ur philMusic de Rambouillet<\/strong><\/h2>\n\n\n\n<p class=\"has-medium-font-size\">Le cadre juridique de ce ch\u0153ur est fix\u00e9 dans l\u2019association \u00ab&nbsp;philMusic&nbsp;\u00bb.&nbsp;<\/p>\n\n\n\n<p>Le r\u00e9pertoire de notre ch\u0153ur s\u2019appuie essentiellement sur la culture de l\u2019Europe occidentale depuis la Renaissance jusqu\u2019\u00e0 nos jours. Il se d\u00e9finit dans un contexte artistique et expressif fuyant, sans les ignorer, les tourbillons de la vari\u00e9t\u00e9.<\/p>\n\n\n\n<p>Notre ch\u0153ur se donne le privil\u00e8ge de pr\u00e9server et de transmettre notre patrimoine europ\u00e9en et s\u2019efforce de chanter dans toutes les langues. De m\u00eame, quand l\u2019\u0153uvre est riche et porteuse, nous n\u2019h\u00e9sitons pas \u00e0 nous lancer dans l\u2019aventure mondiale.<\/p>\n\n\n\n<p>Le Ch\u0153ur philMusic se produit dans les \u00e9glises et salles de la r\u00e9gion de Rambouillet:<\/p>\n\n\n\n<figure class=\"wp-block-image size-large\"><img loading=\"lazy\" decoding=\"async\" width=\"768\" height=\"1024\" src=\"https:\/\/philippe-lekieffre.com\/staging\/wp-content\/uploads\/2025\/09\/Affiche-Forum-des-Concerts-768x1024.jpg\" alt=\"\" class=\"wp-image-4655\" srcset=\"https:\/\/philippe-lekieffre.com\/wp-content\/uploads\/2025\/09\/Affiche-Forum-des-Concerts-768x1024.jpg 768w, https:\/\/philippe-lekieffre.com\/wp-content\/uploads\/2025\/09\/Affiche-Forum-des-Concerts-225x300.jpg 225w, https:\/\/philippe-lekieffre.com\/wp-content\/uploads\/2025\/09\/Affiche-Forum-des-Concerts.jpg 1024w\" sizes=\"auto, (max-width: 768px) 100vw, 768px\" \/><\/figure>\n\n\n\n<p>Le Ch\u0153ur philMusic r\u00e9p\u00e8te tous les mardi soir \u00e0 20 heures 30 au temple protestant de Rambouillet (49, rue Gambetta), hors vacances scolaires.<\/p>\n\n\n\n<p>Ces r\u00e9p\u00e9titions sont ouvertes \u00e0 tout le monde.<\/p>\n\n\n\n<p><a href=\"https:\/\/philippe-lekieffre.com\/?page_id=1481\" data-type=\"page\" data-id=\"1481\">Prendre contact<\/a><\/p>\n\n\n\n<h2 class=\"wp-block-heading\"><strong>L\u2019orchestre philMusic de Rambouillet<\/strong><\/h2>\n\n\n\n<p>Le cadre juridique de l\u2019orchestre philMusic est fix\u00e9 dans l\u2019Association philMusic.<\/p>\n\n\n\n<p>Orchestre de professionnels dont l\u2019objectif est de soutenir des chorales et toutes formes de projets autour du chant et de la sc\u00e8ne.<\/p>\n\n\n\n<p class=\"has-text-align-center\"><\/p>\n\n\n\n<p>Extrait du concert du SAMEDI 8 JUIN 2019 \u00e0 MONTFORT L\u2019AMAURY<\/p>\n\n\n\n<figure class=\"wp-block-image\"><img loading=\"lazy\" decoding=\"async\" width=\"1024\" height=\"406\" src=\"https:\/\/philippe-lekieffre.com\/staging\/wp-content\/uploads\/2019\/07\/DSC01527_2000_400-1024x406.jpeg\" alt=\"\" class=\"wp-image-19\" srcset=\"https:\/\/philippe-lekieffre.com\/wp-content\/uploads\/2019\/07\/DSC01527_2000_400-1024x406.jpeg 1024w, https:\/\/philippe-lekieffre.com\/wp-content\/uploads\/2019\/07\/DSC01527_2000_400-300x119.jpeg 300w, https:\/\/philippe-lekieffre.com\/wp-content\/uploads\/2019\/07\/DSC01527_2000_400-768x304.jpeg 768w, https:\/\/philippe-lekieffre.com\/wp-content\/uploads\/2019\/07\/DSC01527_2000_400.jpeg 1602w\" sizes=\"auto, (max-width: 1024px) 100vw, 1024px\" \/><figcaption class=\"wp-element-caption\">Orchestre Montfort 2019<\/figcaption><\/figure>\n\n\n\n<figure class=\"wp-block-audio\"><audio controls src=\"https:\/\/philippe-lekieffre.com\/staging\/wp-content\/uploads\/2025\/07\/07-Les-Indes-galantes-extrait-orchestre.mp3\"><\/audio><\/figure>\n\n\n\n<p><a href=\"https:\/\/philippe-lekieffre.com\/?page_id=1481\" data-type=\"page\" data-id=\"1481\">Contacter Philippe Lekieffre <\/a><\/p>\n\n\n\n<p><\/p>\n","protected":false},"excerpt":{"rendered":"<p>Le Ch\u0153ur philMusic de Rambouillet Le cadre juridique de ce ch\u0153ur est fix\u00e9 dans l\u2019association \u00ab&nbsp;philMusic&nbsp;\u00bb.&nbsp; Le r\u00e9pertoire de notre ch\u0153ur s\u2019appuie essentiellement sur la culture de l\u2019Europe occidentale depuis la Renaissance jusqu\u2019\u00e0 nos jours. Il se d\u00e9finit dans un contexte artistique et expressif fuyant, sans les ignorer, les tourbillons de la vari\u00e9t\u00e9. Notre ch\u0153ur [&hellip;]<\/p>\n","protected":false},"author":1,"featured_media":0,"parent":0,"menu_order":0,"comment_status":"closed","ping_status":"closed","template":"","meta":{"ngg_post_thumbnail":0,"footnotes":""},"class_list":["post-5338","page","type-page","status-publish","hentry"],"_links":{"self":[{"href":"https:\/\/philippe-lekieffre.com\/index.php?rest_route=\/wp\/v2\/pages\/5338","targetHints":{"allow":["GET"]}}],"collection":[{"href":"https:\/\/philippe-lekieffre.com\/index.php?rest_route=\/wp\/v2\/pages"}],"about":[{"href":"https:\/\/philippe-lekieffre.com\/index.php?rest_route=\/wp\/v2\/types\/page"}],"author":[{"embeddable":true,"href":"https:\/\/philippe-lekieffre.com\/index.php?rest_route=\/wp\/v2\/users\/1"}],"replies":[{"embeddable":true,"href":"https:\/\/philippe-lekieffre.com\/index.php?rest_route=%2Fwp%2Fv2%2Fcomments&post=5338"}],"version-history":[{"count":3,"href":"https:\/\/philippe-lekieffre.com\/index.php?rest_route=\/wp\/v2\/pages\/5338\/revisions"}],"predecessor-version":[{"id":5357,"href":"https:\/\/philippe-lekieffre.com\/index.php?rest_route=\/wp\/v2\/pages\/5338\/revisions\/5357"}],"wp:attachment":[{"href":"https:\/\/philippe-lekieffre.com\/index.php?rest_route=%2Fwp%2Fv2%2Fmedia&parent=5338"}],"curies":[{"name":"wp","href":"https:\/\/api.w.org\/{rel}","templated":true}]}}