{"id":3300,"date":"2024-01-16T07:20:24","date_gmt":"2024-01-16T07:20:24","guid":{"rendered":"http:\/\/philippe-lekieffre.com\/?page_id=3300"},"modified":"2026-03-23T08:05:17","modified_gmt":"2026-03-23T08:05:17","slug":"liens-youtube","status":"publish","type":"page","link":"https:\/\/philippe-lekieffre.com\/?page_id=3300","title":{"rendered":"Youtube et traductions"},"content":{"rendered":"\n<p><\/p>\n\n\n\n<h2 class=\"wp-block-heading\"><strong>Programme 2026<\/strong><\/h2>\n\n\n\n<h2 class=\"wp-block-heading\">Felix MENDELSSOHN : H\u00f6r mein Bitten<\/h2>\n\n\n\n<figure class=\"wp-block-image size-full\"><img loading=\"lazy\" decoding=\"async\" width=\"887\" height=\"823\" src=\"https:\/\/philippe-lekieffre.com\/wp-content\/uploads\/2025\/08\/Traduction-Hor-mein-Bitten.png\" alt=\"\" class=\"wp-image-4374\" srcset=\"https:\/\/philippe-lekieffre.com\/wp-content\/uploads\/2025\/08\/Traduction-Hor-mein-Bitten.png 887w, https:\/\/philippe-lekieffre.com\/wp-content\/uploads\/2025\/08\/Traduction-Hor-mein-Bitten-300x278.png 300w, https:\/\/philippe-lekieffre.com\/wp-content\/uploads\/2025\/08\/Traduction-Hor-mein-Bitten-768x713.png 768w\" sizes=\"auto, (max-width: 887px) 100vw, 887px\" \/><\/figure>\n\n\n\n<figure class=\"wp-block-embed is-type-video is-provider-youtube wp-block-embed-youtube wp-embed-aspect-16-9 wp-has-aspect-ratio\"><div class=\"wp-block-embed__wrapper\">\n<iframe loading=\"lazy\" title=\"Mendelssohn: H\u00f6r mein Bitten - Herreweghe\" width=\"500\" height=\"281\" src=\"https:\/\/www.youtube.com\/embed\/M7HOrYfDxmM?feature=oembed\" frameborder=\"0\" allow=\"accelerometer; autoplay; clipboard-write; encrypted-media; gyroscope; picture-in-picture; web-share\" referrerpolicy=\"strict-origin-when-cross-origin\" allowfullscreen><\/iframe>\n<\/div><\/figure>\n\n\n\n<p><\/p>\n\n\n\n<h2 class=\"wp-block-heading\">Gioacchino ROSSINI : Quartetto pastorale<\/h2>\n\n\n\n<figure class=\"wp-block-image size-full\"><img loading=\"lazy\" decoding=\"async\" width=\"930\" height=\"401\" src=\"https:\/\/philippe-lekieffre.com\/wp-content\/uploads\/2025\/08\/Traduction-Quartetto-pastorale.png\" alt=\"\" class=\"wp-image-4365\" srcset=\"https:\/\/philippe-lekieffre.com\/wp-content\/uploads\/2025\/08\/Traduction-Quartetto-pastorale.png 930w, https:\/\/philippe-lekieffre.com\/wp-content\/uploads\/2025\/08\/Traduction-Quartetto-pastorale-300x129.png 300w, https:\/\/philippe-lekieffre.com\/wp-content\/uploads\/2025\/08\/Traduction-Quartetto-pastorale-768x331.png 768w\" sizes=\"auto, (max-width: 930px) 100vw, 930px\" \/><\/figure>\n\n\n\n<figure class=\"wp-block-embed is-type-video is-provider-youtube wp-block-embed-youtube wp-embed-aspect-4-3 wp-has-aspect-ratio\"><div class=\"wp-block-embed__wrapper\">\n<iframe loading=\"lazy\" title=\"Quartetto pastorale\" width=\"500\" height=\"375\" src=\"https:\/\/www.youtube.com\/embed\/1F76OlIFLIg?feature=oembed\" frameborder=\"0\" allow=\"accelerometer; autoplay; clipboard-write; encrypted-media; gyroscope; picture-in-picture; web-share\" referrerpolicy=\"strict-origin-when-cross-origin\" allowfullscreen><\/iframe>\n<\/div><\/figure>\n\n\n\n<p><\/p>\n\n\n\n<h2 class=\"wp-block-heading\">Haendel : And with his stripes we are healed<\/h2>\n\n\n\n<p>Traduction : <strong>Et par ses meurtrissures, nous sommes gu\u00e9ris.<\/strong><\/p>\n\n\n\n<figure class=\"wp-block-embed is-type-video is-provider-youtube wp-block-embed-youtube wp-embed-aspect-4-3 wp-has-aspect-ratio\"><div class=\"wp-block-embed__wrapper\">\n<iframe loading=\"lazy\" title=\"Messiah: Part II, No 25. And With His Stripes We Are Healed\" width=\"500\" height=\"375\" src=\"https:\/\/www.youtube.com\/embed\/UrXAG2f0nI4?feature=oembed\" frameborder=\"0\" allow=\"accelerometer; autoplay; clipboard-write; encrypted-media; gyroscope; picture-in-picture; web-share\" referrerpolicy=\"strict-origin-when-cross-origin\" allowfullscreen><\/iframe>\n<\/div><\/figure>\n\n\n\n<p><\/p>\n\n\n\n<h2 class=\"wp-block-heading\">BRAHMS : Letztes Gl\u00fcck (<strong>Leblos gleitet Blatt um Blatt<\/strong>)<\/h2>\n\n\n\n<figure class=\"wp-block-image size-full\"><img loading=\"lazy\" decoding=\"async\" width=\"895\" height=\"250\" src=\"https:\/\/philippe-lekieffre.com\/wp-content\/uploads\/2025\/08\/BRAHMS-Letztes-Gluck.png\" alt=\"\" class=\"wp-image-4385\" srcset=\"https:\/\/philippe-lekieffre.com\/wp-content\/uploads\/2025\/08\/BRAHMS-Letztes-Gluck.png 895w, https:\/\/philippe-lekieffre.com\/wp-content\/uploads\/2025\/08\/BRAHMS-Letztes-Gluck-300x84.png 300w, https:\/\/philippe-lekieffre.com\/wp-content\/uploads\/2025\/08\/BRAHMS-Letztes-Gluck-768x215.png 768w\" sizes=\"auto, (max-width: 895px) 100vw, 895px\" \/><\/figure>\n\n\n\n<figure class=\"wp-block-embed is-type-video is-provider-youtube wp-block-embed-youtube wp-embed-aspect-4-3 wp-has-aspect-ratio\"><div class=\"wp-block-embed__wrapper\">\n<iframe loading=\"lazy\" title=\"Songs, Op. 104: Letztes Gl\u00fcck, Op. 104\/3: Leblos gleitet Blatt um Blatt\" width=\"500\" height=\"375\" src=\"https:\/\/www.youtube.com\/embed\/nGJEJy-YwiQ?feature=oembed\" frameborder=\"0\" allow=\"accelerometer; autoplay; clipboard-write; encrypted-media; gyroscope; picture-in-picture; web-share\" referrerpolicy=\"strict-origin-when-cross-origin\" allowfullscreen><\/iframe>\n<\/div><\/figure>\n\n\n\n<p><\/p>\n\n\n\n<h2 class=\"wp-block-heading\">Hector BERLIOZ : Pri\u00e8re du matin<\/h2>\n\n\n\n<figure class=\"wp-block-embed is-type-video is-provider-youtube wp-block-embed-youtube wp-embed-aspect-4-3 wp-has-aspect-ratio\"><div class=\"wp-block-embed__wrapper\">\n<iframe loading=\"lazy\" title=\"Berlioz: Pri\u00e8re du matin H.112\" width=\"500\" height=\"375\" src=\"https:\/\/www.youtube.com\/embed\/6tloee-wpFk?feature=oembed\" frameborder=\"0\" allow=\"accelerometer; autoplay; clipboard-write; encrypted-media; gyroscope; picture-in-picture; web-share\" referrerpolicy=\"strict-origin-when-cross-origin\" allowfullscreen><\/iframe>\n<\/div><\/figure>\n\n\n\n<p><\/p>\n\n\n\n<h2 class=\"wp-block-heading\">Franz SCHUBERT : Mirjams Siegesgesang<\/h2>\n\n\n\n<figure class=\"wp-block-image size-large\"><img loading=\"lazy\" decoding=\"async\" width=\"695\" height=\"1024\" src=\"https:\/\/philippe-lekieffre.com\/wp-content\/uploads\/2025\/08\/Traduction-Cantate-Mirjams-695x1024.jpg\" alt=\"\" class=\"wp-image-4380\" srcset=\"https:\/\/philippe-lekieffre.com\/wp-content\/uploads\/2025\/08\/Traduction-Cantate-Mirjams-695x1024.jpg 695w, https:\/\/philippe-lekieffre.com\/wp-content\/uploads\/2025\/08\/Traduction-Cantate-Mirjams-204x300.jpg 204w, https:\/\/philippe-lekieffre.com\/wp-content\/uploads\/2025\/08\/Traduction-Cantate-Mirjams-768x1131.jpg 768w, https:\/\/philippe-lekieffre.com\/wp-content\/uploads\/2025\/08\/Traduction-Cantate-Mirjams-rotated.jpg 808w\" sizes=\"auto, (max-width: 695px) 100vw, 695px\" \/><\/figure>\n\n\n\n<p><\/p>\n\n\n\n<figure class=\"wp-block-embed is-type-video is-provider-youtube wp-block-embed-youtube wp-embed-aspect-16-9 wp-has-aspect-ratio\"><div class=\"wp-block-embed__wrapper\">\n<iframe loading=\"lazy\" title=\"Schubert \u2010 Mirjams Siegesgesang, D942\" width=\"500\" height=\"281\" src=\"https:\/\/www.youtube.com\/embed\/c_o73fnLXGQ?feature=oembed\" frameborder=\"0\" allow=\"accelerometer; autoplay; clipboard-write; encrypted-media; gyroscope; picture-in-picture; web-share\" referrerpolicy=\"strict-origin-when-cross-origin\" allowfullscreen><\/iframe>\n<\/div><\/figure>\n\n\n\n<p><\/p>\n\n\n\n<h2 class=\"wp-block-heading is-style-default has-contrast-color has-text-color has-link-color wp-elements-9685623f6d9c278f71d29606be699cbb\">Maximo MORENO : Otoya<\/h2>\n\n\n\n<p><\/p>\n\n\n\n<figure class=\"wp-block-embed is-type-video is-provider-youtube wp-block-embed-youtube wp-embed-aspect-16-9 wp-has-aspect-ratio\"><div class=\"wp-block-embed__wrapper\">\n<iframe loading=\"lazy\" title=\"Otoya (M\u00e1ximo Moreno) - ERAGIYOK\" width=\"500\" height=\"281\" src=\"https:\/\/www.youtube.com\/embed\/EPa8BlVaQio?feature=oembed\" frameborder=\"0\" allow=\"accelerometer; autoplay; clipboard-write; encrypted-media; gyroscope; picture-in-picture; web-share\" referrerpolicy=\"strict-origin-when-cross-origin\" allowfullscreen><\/iframe>\n<\/div><\/figure>\n\n\n\n<p><\/p>\n\n\n\n<h2 class=\"wp-block-heading\">Gabriel FAURE : <strong>Les Djinns <\/strong><\/h2>\n\n\n\n<figure class=\"wp-block-embed is-type-video is-provider-youtube wp-block-embed-youtube wp-embed-aspect-16-9 wp-has-aspect-ratio\"><div class=\"wp-block-embed__wrapper\">\n<iframe loading=\"lazy\" title=\"Faur\u00e9 : Les Djinns (Lionel Sow \/ Choeur de Radio France)\" width=\"500\" height=\"281\" src=\"https:\/\/www.youtube.com\/embed\/6Y0pzmLtSCk?start=61&#038;feature=oembed\" frameborder=\"0\" allow=\"accelerometer; autoplay; clipboard-write; encrypted-media; gyroscope; picture-in-picture; web-share\" referrerpolicy=\"strict-origin-when-cross-origin\" allowfullscreen><\/iframe>\n<\/div><\/figure>\n\n\n\n<p><\/p>\n\n\n\n<h2 class=\"wp-block-heading\">F\u00e9lix Mendelssohn : <strong>Verleih uns Frieden<\/strong><\/h2>\n\n\n\n<figure class=\"wp-block-image size-full\"><img loading=\"lazy\" decoding=\"async\" width=\"962\" height=\"425\" src=\"https:\/\/philippe-lekieffre.com\/wp-content\/uploads\/2025\/08\/Traduction-Verleih-uns-Frieden.png\" alt=\"\" class=\"wp-image-4377\" srcset=\"https:\/\/philippe-lekieffre.com\/wp-content\/uploads\/2025\/08\/Traduction-Verleih-uns-Frieden.png 962w, https:\/\/philippe-lekieffre.com\/wp-content\/uploads\/2025\/08\/Traduction-Verleih-uns-Frieden-300x133.png 300w, https:\/\/philippe-lekieffre.com\/wp-content\/uploads\/2025\/08\/Traduction-Verleih-uns-Frieden-768x339.png 768w\" sizes=\"auto, (max-width: 962px) 100vw, 962px\" \/><\/figure>\n\n\n\n<figure class=\"wp-block-embed is-type-video is-provider-youtube wp-block-embed-youtube wp-embed-aspect-16-9 wp-has-aspect-ratio\"><div class=\"wp-block-embed__wrapper\">\n<iframe loading=\"lazy\" title=\"Felix Mendelssohn - Verleih uns Frieden\" width=\"500\" height=\"281\" src=\"https:\/\/www.youtube.com\/embed\/ICdXBWHpapc?feature=oembed\" frameborder=\"0\" allow=\"accelerometer; autoplay; clipboard-write; encrypted-media; gyroscope; picture-in-picture; web-share\" referrerpolicy=\"strict-origin-when-cross-origin\" allowfullscreen><\/iframe>\n<\/div><\/figure>\n\n\n\n<p><\/p>\n\n\n\n<h2 class=\"wp-block-heading\">Edward ELGAR<\/h2>\n\n\n\n<p><strong>From the Bavarian highlands &#8211; N\u00b0 4 &#8211; Aspiration<\/strong><\/p>\n\n\n\n<figure class=\"wp-block-image size-full\"><img loading=\"lazy\" decoding=\"async\" width=\"915\" height=\"467\" src=\"https:\/\/philippe-lekieffre.com\/wp-content\/uploads\/2026\/02\/Traduction-Aspiration.png\" alt=\"\" class=\"wp-image-5181\" srcset=\"https:\/\/philippe-lekieffre.com\/wp-content\/uploads\/2026\/02\/Traduction-Aspiration.png 915w, https:\/\/philippe-lekieffre.com\/wp-content\/uploads\/2026\/02\/Traduction-Aspiration-300x153.png 300w, https:\/\/philippe-lekieffre.com\/wp-content\/uploads\/2026\/02\/Traduction-Aspiration-768x392.png 768w\" sizes=\"auto, (max-width: 915px) 100vw, 915px\" \/><\/figure>\n\n\n\n<figure class=\"wp-block-embed is-type-video is-provider-youtube wp-block-embed-youtube wp-embed-aspect-16-9 wp-has-aspect-ratio\"><div class=\"wp-block-embed__wrapper\">\n<iframe loading=\"lazy\" title=\"Elgar - From the Bavarian Highlands - IV - Aspiration (Universit\u00e4tsChor M\u00fcnchen)\" width=\"500\" height=\"281\" src=\"https:\/\/www.youtube.com\/embed\/IWDFkKmPwzQ?feature=oembed\" frameborder=\"0\" allow=\"accelerometer; autoplay; clipboard-write; encrypted-media; gyroscope; picture-in-picture; web-share\" referrerpolicy=\"strict-origin-when-cross-origin\" allowfullscreen><\/iframe>\n<\/div><\/figure>\n","protected":false},"excerpt":{"rendered":"<p>Programme 2026 Felix MENDELSSOHN : H\u00f6r mein Bitten Gioacchino ROSSINI : Quartetto pastorale Haendel : And with his stripes we are healed Traduction : Et par ses meurtrissures, nous sommes gu\u00e9ris. BRAHMS : Letztes Gl\u00fcck (Leblos gleitet Blatt um Blatt) Hector BERLIOZ : Pri\u00e8re du matin Franz SCHUBERT : Mirjams Siegesgesang Maximo MORENO : Otoya [&hellip;]<\/p>\n","protected":false},"author":1,"featured_media":0,"parent":4415,"menu_order":0,"comment_status":"closed","ping_status":"closed","template":"","meta":{"ngg_post_thumbnail":0,"footnotes":""},"class_list":["post-3300","page","type-page","status-publish","hentry"],"_links":{"self":[{"href":"https:\/\/philippe-lekieffre.com\/index.php?rest_route=\/wp\/v2\/pages\/3300","targetHints":{"allow":["GET"]}}],"collection":[{"href":"https:\/\/philippe-lekieffre.com\/index.php?rest_route=\/wp\/v2\/pages"}],"about":[{"href":"https:\/\/philippe-lekieffre.com\/index.php?rest_route=\/wp\/v2\/types\/page"}],"author":[{"embeddable":true,"href":"https:\/\/philippe-lekieffre.com\/index.php?rest_route=\/wp\/v2\/users\/1"}],"replies":[{"embeddable":true,"href":"https:\/\/philippe-lekieffre.com\/index.php?rest_route=%2Fwp%2Fv2%2Fcomments&post=3300"}],"version-history":[{"count":57,"href":"https:\/\/philippe-lekieffre.com\/index.php?rest_route=\/wp\/v2\/pages\/3300\/revisions"}],"predecessor-version":[{"id":5410,"href":"https:\/\/philippe-lekieffre.com\/index.php?rest_route=\/wp\/v2\/pages\/3300\/revisions\/5410"}],"up":[{"embeddable":true,"href":"https:\/\/philippe-lekieffre.com\/index.php?rest_route=\/wp\/v2\/pages\/4415"}],"wp:attachment":[{"href":"https:\/\/philippe-lekieffre.com\/index.php?rest_route=%2Fwp%2Fv2%2Fmedia&parent=3300"}],"curies":[{"name":"wp","href":"https:\/\/api.w.org\/{rel}","templated":true}]}}