{"id":1481,"date":"2021-10-28T04:50:58","date_gmt":"2021-10-28T04:50:58","guid":{"rendered":"http:\/\/philippe-lekieffre.com\/?page_id=1481"},"modified":"2026-03-23T06:28:06","modified_gmt":"2026-03-23T06:28:06","slug":"nouvelle-page-contacts","status":"publish","type":"page","link":"https:\/\/philippe-lekieffre.com\/?page_id=1481","title":{"rendered":"Contact"},"content":{"rendered":"\n<p class=\"has-medium-font-size\">Association philMusic<\/p>\n\n\n\n<p>50, rue Sadi Carnot, 78120, Rambouillet<\/p>\n\n\n\n<p>Tel : 01 34 85 95 36  \/  06 10 66 52 65<\/p>\n\n\n\n<p class=\"has-very-dark-gray-color has-text-color has-medium-font-size\">Ou envoyez un mail \u00e0 <em><strong>philippe.lekieffre@gmail.com<\/strong><\/em><\/p>\n\n\n\n<p><a aria-label=\" (s\u2019ouvre dans un nouvel onglet)\" href=\"mailto:philippe.lekieffre@gmail.com\" target=\"_blank\" rel=\"noreferrer noopener\">mailto:philippe.lekieffre@gmail.com<\/a><\/p>\n\n\n\n<figure class=\"wp-block-image is-resized\"><img decoding=\"async\" src=\"https:\/\/philippe-lekieffre.com\/staging\/wp-content\/uploads\/2025\/09\/Tract-recrutement-v5-724x1024.jpg\" alt=\"L\u2019attribut alt de cette image est vide, son nom de fichier est Tract-recrutement-v5-724x1024.jpg.\" style=\"aspect-ratio:0.7070361303892984;width:401px;height:auto\"\/><\/figure>\n\n\n\n<p>Pour int\u00e9grer le ch\u0153ur il suffit de prendre contact pour une petite audition bienveillante afin de vous situer et de vous conseiller \u00e9ventuellement.<\/p>\n\n\n\n<p>La cotisation annuelle est fix\u00e9e \u00e0 150 \u20ac, payable en 3 fois.<\/p>\n\n\n\n<blockquote class=\"wp-block-quote is-layout-flow wp-block-quote-is-layout-flow\">\n<p style=\"font-size:clamp(0.875rem, 0.875rem + ((1vw - 0.2rem) * 0.708), 1.3rem);\">\u00ab Qui que vous soyez, n\u2019ayez pas peur de la grande musique m\u00eame si vous ne connaissez que le \u00ab Rock\u2026 \u00bb ou la vari\u00e9t\u00e9. Vous y trouverez un plaisir qui vous \u00e9tonnera !<\/p>\n\n\n\n<p style=\"font-size:clamp(0.875rem, 0.875rem + ((1vw - 0.2rem) * 0.708), 1.3rem);\">D\u2019o\u00f9 que vous veniez elle vous emportera l\u2019\u00e2me !<\/p>\n\n\n\n<p style=\"font-size:clamp(0.875rem, 0.875rem + ((1vw - 0.2rem) * 0.708), 1.3rem);\">Il suffit de le vouloir. \u00bb<\/p>\n\n\n\n<p style=\"font-size:clamp(0.875rem, 0.875rem + ((1vw - 0.2rem) * 0.708), 1.3rem);\">Philippe LEKIEFFRE<\/p>\n<\/blockquote>\n\n\n\n<p>Si vous \u00eates sur cette page c\u2019est que vous \u00eates int\u00e9ress\u00e9s par le chant choral, alors n\u2019h\u00e9sitez pas, tentez l\u2019aventure et <a href=\"https:\/\/philippe-lekieffre.com\/?page_id=1481\" data-type=\"page\" data-id=\"1481\">rejoignez-nous<\/a> !<\/p>\n","protected":false},"excerpt":{"rendered":"<p>Association philMusic 50, rue Sadi Carnot, 78120, Rambouillet Tel : 01 34 85 95 36 \/ 06 10 66 52 65 Ou envoyez un mail \u00e0 philippe.lekieffre@gmail.com mailto:philippe.lekieffre@gmail.com Pour int\u00e9grer le ch\u0153ur il suffit de prendre contact pour une petite audition bienveillante afin de vous situer et de vous conseiller \u00e9ventuellement. La cotisation annuelle est [&hellip;]<\/p>\n","protected":false},"author":1,"featured_media":0,"parent":0,"menu_order":0,"comment_status":"closed","ping_status":"closed","template":"","meta":{"ngg_post_thumbnail":0,"footnotes":""},"class_list":["post-1481","page","type-page","status-publish","hentry"],"_links":{"self":[{"href":"https:\/\/philippe-lekieffre.com\/index.php?rest_route=\/wp\/v2\/pages\/1481","targetHints":{"allow":["GET"]}}],"collection":[{"href":"https:\/\/philippe-lekieffre.com\/index.php?rest_route=\/wp\/v2\/pages"}],"about":[{"href":"https:\/\/philippe-lekieffre.com\/index.php?rest_route=\/wp\/v2\/types\/page"}],"author":[{"embeddable":true,"href":"https:\/\/philippe-lekieffre.com\/index.php?rest_route=\/wp\/v2\/users\/1"}],"replies":[{"embeddable":true,"href":"https:\/\/philippe-lekieffre.com\/index.php?rest_route=%2Fwp%2Fv2%2Fcomments&post=1481"}],"version-history":[{"count":8,"href":"https:\/\/philippe-lekieffre.com\/index.php?rest_route=\/wp\/v2\/pages\/1481\/revisions"}],"predecessor-version":[{"id":5380,"href":"https:\/\/philippe-lekieffre.com\/index.php?rest_route=\/wp\/v2\/pages\/1481\/revisions\/5380"}],"wp:attachment":[{"href":"https:\/\/philippe-lekieffre.com\/index.php?rest_route=%2Fwp%2Fv2%2Fmedia&parent=1481"}],"curies":[{"name":"wp","href":"https:\/\/api.w.org\/{rel}","templated":true}]}}